23 = -235. Calculate g(a).
7
Let k(y) = 0*y - 2*y - 1 - 1. Calculate k(-4).
6
Let u(t) = -2*t**2 + 12*t. Let o(k) = -k**2 + 6*k. Let w(b) = -5*o(b) + 2*u(b). Let d(n) = n**2 - 6*n - 1. Let z(p) = 3*d(p) - 2*w(p). Give z(5).
-8
Let t = 8 - 6. Let x(k) = -4 + t*k**2 - k - 1 + 2*k**2 + k**3 + 0. Determine x(-4).
-1
Let s(t) = -5*t**2 + 1. Let c(i) = -i**3 - 8*i**2 + 9*i - 1. Let q be c(-9). Give s(q).
-4
Suppose k + 6*y = y - 30, -5 = 3*k - 2*y. Let q(s) = -s**2 - 5*s - 2. Calculate q(k).
-2
Suppose -8 = -3*j - 23. Let b(t) = t. Determine b(j).
-5
Let a be (-5)/(-2)*(-12)/(-6). Let k(b) = -4*b**2 - b - 3. Let i(s) = -5*s**2 - 4. Let f(l) = a*i(l) - 6*k(l). Calculate f(6).
-2
Let o(j) = j**2 + j - 3. Suppose -10*h - 3*h = h. Give o(h).
-3
Suppose 0 = 2*h + 6, -d + 5*h = 4*d - 15. Let x(f) = f**3 + d + f**2 - 1 + 0 + 2*f**2. Give x(-3).
-1
Let l(w) = -2*w - 2*w - 1 - 4*w**2 + 3*w**2. Let i(v) = 2 - v**2 + 4 - 1 + 2*v - 4. Let b be i(3). Determine l(b).
3
Suppose 31 = -3*f - 2*i, 12 = -f + 3*i - 4*i. Let z(r) = -6*r**3 - 8*r**2 - r + 14. Let m(t) = 7*t**3 + 8*t**2 - 15. Let h(a) = 5*m(a) + 6*z(a). Determine h(f).
2
Let l(g) = -g**3 + g + 0*g + 5*g**2 - 4 - 2. Suppose -2*j + 2*q = -3*q - 35, 0 = -2*q - 10. What is l(j)?
-1
Let r(x) = -2 + 3*x - 5*x - x**2 - 3*x. Let g(h) be the second derivative of h**4/6 + 3*h**3/2 + 3*h**2/2 - 2*h. Let p(n) = 2*g(n) + 5*r(n). Determine p(-5).
6
Let z(h) = -h**2 + 3*h - 3. Let b = 3 - 1. Suppose -3*s = b*f - 5*f - 9, -3*f + 15 = 5*s. Suppose -s*p + 12 = 5*r, 4*r + 20 = 5*p - r. What is z(p)?
-7
Let x(i) = -i**3 + 3. Let p be x(0). Let g(j) = -10*j + 1 + 6*j + p*j. Give g(2).
-1
Let i(o) = 6*o**3 - 1. Suppose 5*f - 3 = 2. Give i(f).
5
Let i(x) be the first derivative of -x**2/2 - 6*x - 1. Suppose -7*g - 34 - 1 = 0. Determine i(g).
-1
Let p(r) be the first derivative of -r**2/2 + 2. What is p(3)?
-3
Let x(n) be the first derivative of n**4/4 + n**3/3 - n**2/2 + 4*n + 3. Calculate x(0).
4
Let a(z) = -5*z - 3. Let s(w) = w. Let b(d) = a(d) + 6*s(d). What is b(9)?
6
Let k(f) = 2*f**2 - 2*f - 1. Let d be k(2). Let l(a) = d*a**2 - 4*a + 2*a**2 - 4*a**2 + 3. Suppose -4*m + m = -12. What is l(m)?
3
Let i(c) = -c**3 + 2*c**2 - c. Let x(s) = s**2 + 2*s - 6. Let t be x(2). Calculate i(t).
-2
Suppose -37 = -5*m + 63. Let s be 4/(-18) - m/(-9). Let b(r) = -4 + 2*r**3 - 3*r**2 + 6 + 0*r**3. Calculate b(s).
6
Let l(c) be the third derivative of -c**2 - 1/120*c**6 - 1/15*c**5 + 1/6*c**3 - 1/24*c**4 + 0*c + 0. Let p be 2 + -6 + (0 - -2). Determine l(p).
-5
Suppose j - 3*j = -8. Let r(d) = -4*d**2 - 3 - j*d - 2*d + 5*d**2. Give r(5).
-8
Let w be ((-2)/3)/(4/6) + -2. Let h = 4 - 0. Let y(d) = -2 + d + 3 + d**2 - h. Determine y(w).
3
Let d(b) = -2*b**2 + 3*b. Let n = 26 + -24. Determine d(n).
-2
Suppose 0*d - 3*d = 6. Let r(k) be the first derivative of -k**4/6 - k**3/2 - k**2 + 5*k + 2. Let f(j) be the first derivative of r(j). What is f(d)?
-4
Let k(m) = 3*m**2 + 2*m - 2. Let l be 1/(-4) + 54/24. Suppose v = -j + 1, l = 2*v - 0*v + 5*j. Let r(z) = -2*z**2 + z - 1. Let b be r(v). Give k(b).
6
Suppose 11 = -3*u + 5. Let b(s) = 40*s + 2*s**2 - 41*s - 1 - 3*s**2. What is b(u)?
-3
Let s(z) be the third derivative of 1/3*z**3 + 0 + 0*z - 1/24*z**4 - 4*z**2. Determine s(6).
-4
Let q(w) = -w**3 - w**2. Let i(a) = 3*a**3 - a**2 - a + 2. Let f(p) = -i(p) - 2*q(p). Determine f(3).
1
Suppose 3*i + 0*i = 2*k + 9, 14 = -3*k + 5*i. Let g(a) = a**2 + a - 3. Give g(k).
3
Let m(z) = z + 5. Let s be m(-5). Let f = 43 + -27. Suppose 4*u + s = -f. Let y(n) = -n**2 - 7*n - 3. What is y(u)?
9
Let r(h) = -6*h + 1 - 2 + 2. Suppose 2*f = -1 + 3. Let q be r(f). Let k(g) = g. Determine k(q).
-5
Suppose 0 = -0*r - 4*r + 4. Let o be 15/9 + (-2)/(-6). Let b(q) = -3*q + 0*q - 1 + 8*q**o + 3*q. Calculate b(r).
7
Let g(i) = -i**2 - i + 1. Let u(m) = -m**3 - 7*m + 4. Let b = 9 + -5. Let l(d) = b*g(d) - u(d). Calculate l(4).
12
Let b(q) = -2*q**3 + 7*q**2 + 6*q**3 - 1 - 3*q**3 - 10*q. What is b(-8)?
15
Let d(g) = g**3 - 9*g**2 + 6*g + 3. Let o be d(8). Let x be 6/(-10) - o/5. Let y(j) = -j**3 + 4*j**2 - 1. What is y(x)?
7
Let m(q) = q**2 + 2*q - 4. Suppose 0 = -7*n + 3*n - 16. Determine m(n).
4
Suppose o + o + 5*b - 23 = 0, 0 = 2*o - 4*b + 4. Let h(d) = -7 + d + o - 2 + d**3. Determine h(0).
-5
Let y(t) = -t**2 - 9*t - 6. Let c be (6/12)/((-2)/(-28)). Suppose 0 = n - 2 + c. Calculate y(n).
14
Let f(o) = -30 + 30 + 9*o. Determine f(2).
18
Let b(u) = -8*u**2 - 3*u + 23. Let c(x) = 3*x**2 + x - 8. Let t(h) = -4*b(h) - 11*c(h). Suppose 3*p - 4*p = 0. Let l be p + (1 - 4/4). Determine t(l).
-4
Let f = 1 + 5. Let n(p) = -p**2 + 5*p + 7. Let s(w) = w**2 - 5*w - 7. Let b(k) = -3*n(k) - 4*s(k). Calculate b(f).
1
Let y(l) = l + 0*l + 6*l**2 + 0 - l**3 - 5 - 1. What is y(6)?
0
Let d(n) be the second derivative of 5*n**3/6 + n**2/2 + 4*n. Let k be d(1). Let m(o) be the second derivative of o**3/6 - 2*o**2 + o. Calculate m(k).
2
Let l(h) = 4 + 11*h - 2*h + 6 + h**2 - 1. Determine l(-6).
-9
Let f(l) = l**3 + 4*l**2 - 2. Let n be 4/10 - (-17)/(-5). Determine f(n).
7
Let p(j) = -j**3 + 3*j**2 + 6 - 4*j**2 + 3*j - 4*j**2. Let r = 4 + -9. Calculate p(r).
-9
Let z(x) = 4*x**2 + 0 + 1 + 6*x - 5*x**2 - 5. Let c(p) = -p**3 - 6*p**2 - 6*p. Let v be c(-5). Suppose -v*m + 19 = -4*m - 5*l, -5*m - l = -17. What is z(m)?
4
Let d(q) be the third derivative of q**5/60 - q**4/6 + 7*q**3/6 + 3*q**2. What is d(5)?
12
Let n(c) be the second derivative of -3/2*c**2 - 1/20*c**5 + 5/12*c**4 - c + 0 + 1/6*c**3. Determine n(5).
2
Suppose 0 = 4*s + 4*l + 20, -2*s - 3*l + 1 = 14. Let p be (s + 1)*1 + -4. Let c(a) = -a - 11. Calculate c(p).
-6
Let t(g) be the first derivative of 2*g**3/3 - g**2 - 11. Calculate t(2).
4
Let r(y) = 21*y**2 + 3*y - 14. Let h(d) = -7*d**2 - d + 5. Let k(m) = 17*h(m) + 6*r(m). Let u be -3*(-6)/(-9) - -1. Determine k(u).
7
Let y(k) = -12*k + 1. Let t be 4/2 + -1 + 1. Suppose t*s - 10 = -4*u, 0 = 2*s - 7*s + 4*u - 3. Give y(s).
-11
Let o = -48 - -48. Let z(f) = f - 10. What is z(o)?
-10
Let m be 75/10 + (-1)/2. Suppose -3*n + m = 1. Let q(c) = 3*c**2 - 3*c + 3. What is q(n)?
9
Let z(h) = -2*h - 18*h**3 - 1 + 30*h**3 - 17*h**3 + h + h**2. Calculate z(-1).
6
Let k(s) = -s**2 - 2*s + 5. Let v(l) = -l**2 + 2*l. Let g be v(1). Let t = g + -5. Give k(t).
-3
Let k(b) = -b**3 - 4*b**2 + 6*b + 6. Let g(n) = -2*n + 4. Let w(j) = -2*j + 3. Let i(p) = 4*g(p) - 5*w(p). Let y be i(-3). What is k(y)?
1
Let h(b) = -b**3 - 13*b**2 - 14*b - 19. Let a be h(-12). Let l(s) = -s**2 + 3*s. Determine l(a).
-10
Let d(h) = h**3 - h**2 + 15. Let x = -181 - -181. Calculate d(x).
15
Let u = -5 - -6. Let m(j) = j**3 - j**2 - j + 1. Let c(h) = 4*h**3 + 3*h**2 + 7*h - 6. Let d(f) = -c(f) - 5*m(f). Give d(u).
-8
Let v(t) be the first derivative of -t**4/4 - t**3 + 7*t**2/2 + 5*t - 10. Determine v(-5).
20
Let g = 4 - 2. Let f(d) = -d + 0*d**3 - 2*d - g*d**2 - d**3 - 3. Suppose -4*m + m - 12 = 2*r, -4*m - 3*r - 17 = 0. Give f(m).
3
Let s(t) = -t - 3. Let x be s(-5). Suppose x*y - 12 = -2*y. Let h(l) = -l**2 + 4*l - 2. What is h(y)?
1
Let t(w) = -w**2 - 8*w - 5. Suppose 17 = -4*c + 3*d - 6*d, -5*d = 4*c + 7. Calculate t(c).
-5
Let h(i) = -i**3 + 6*i**2 - 3*i - 7. Let k be (1/(-5))/(1/(-25)). What is h(k)?
3
Let m(y) = -y**3 + 4*y**2 + 4*y - 1. Let v(l) = l**3 - 4*l**2 - 4*l - 6. Let c be v(5). Let r(g) = -4*g**3 - g. Let t be r(c). What is m(t)?
-6
Suppose -19 = 3*x + 2*y - 7*y, -3*x + 1 = -y. Suppose -2*r - x*r = 12. Let q(m) = 2*m**2 + 4*m + 2. Calculate q(r).
8
Let w be (20/(-15))/(4/(-6)). Suppose 5*r + w = -3*t, 0 = r + 4*t + t + 18. Let c(q) = 4*q. Determine c(r).
8
Let f(k) = -k**2 + 9*k - 5. Let d be f(8). Let m(s) = d*s - 2*s**2 + s**3 + 2 - 2*s**2 - 2*s. Calculate m(4).
6
Let j(v) = -3*v**2 - 2*v + 5. Let s(u) = 2*u**2 + 2*u - 4. Let f(w) = 5*j(w) + 6*s(w). Calculate f(3).
-20
Let a(o) = -o**2 + 2*o + 5. Let y(q) = q**2 - 2*q - 4. Let t(c) = 3*a(c) + 2*y(c). Suppose 5*h = 9*h - 20. Give t(h).
-8
Let z(t) = 9*t**3 + 2*t**2 + t. Suppose -5 - 2 = -5*o - 2*f, -2*o + 2*f = 0. Let m = o + -6. Let l = 4 + m. Calculate z(l).
-8
Let f(l) = -l + 8. Let w be f(4). Let m = -16 + 17. Let c = m + w. Let h(o) = -o**2 + 3*o + 6. Give h(c).
-4
Let r(m) = -2*m**3 + m**2 - 3*m - 2. Let f(i) = 4*i**3 - 2*i**2 + 5*i + 3. Let a